 of 1089 and 44.
11
What is the highest common factor of 88 and 374?
22
What is the greatest common divisor of 303 and 3?
3
Calculate the highest common factor of 12 and 4338.
6
Calculate the greatest common factor of 319 and 11.
11
What is the greatest common factor of 6426 and 68?
34
Calculate the greatest common factor of 48 and 9.
3
What is the highest common divisor of 299 and 69?
23
What is the highest common divisor of 435 and 15?
15
What is the greatest common divisor of 40 and 950?
10
Calculate the highest common divisor of 28 and 126.
14
Calculate the greatest common factor of 38 and 19.
19
Calculate the greatest common factor of 11 and 473.
11
What is the greatest common divisor of 754 and 104?
26
What is the greatest common factor of 7692 and 12?
12
Calculate the highest common factor of 171 and 285.
57
What is the greatest common factor of 13 and 52?
13
What is the greatest common factor of 6 and 3465?
3
What is the greatest common divisor of 2249 and 13?
13
What is the highest common divisor of 3500 and 10?
10
What is the highest common divisor of 51 and 34?
17
What is the highest common divisor of 87 and 9309?
87
Calculate the highest common factor of 149 and 2533.
149
Calculate the highest common factor of 7096 and 16.
8
What is the greatest common factor of 684 and 855?
171
Calculate the greatest common divisor of 3 and 1257.
3
What is the highest common divisor of 29 and 725?
29
What is the greatest common divisor of 52 and 53248?
52
Calculate the highest common divisor of 22 and 77.
11
What is the highest common divisor of 6 and 30?
6
Calculate the greatest common divisor of 18 and 9630.
18
What is the greatest common factor of 1248 and 234?
78
Calculate the highest common divisor of 3996 and 7104.
444
What is the highest common divisor of 6797 and 7?
7
Calculate the highest common divisor of 1251 and 9.
9
Calculate the highest common divisor of 95 and 665.
95
Calculate the greatest common divisor of 5 and 2700.
5
What is the greatest common factor of 5004 and 18?
18
Calculate the greatest common factor of 32 and 1024.
32
What is the greatest common divisor of 9387 and 63?
63
Calculate the highest common divisor of 1595 and 58.
29
Calculate the highest common factor of 112 and 1512.
56
Calculate the greatest common factor of 24 and 72.
24
What is the greatest common factor of 21 and 273?
21
What is the greatest common factor of 78 and 104?
26
What is the greatest common factor of 16 and 472?
8
What is the greatest common factor of 689 and 477?
53
Calculate the greatest common factor of 27 and 801.
9
Calculate the greatest common divisor of 19 and 2.
1
What is the greatest common divisor of 36495 and 45?
45
Calculate the greatest common factor of 3444 and 54.
6
What is the highest common divisor of 90 and 1224?
18
Calculate the highest common divisor of 2783 and 22.
11
Calculate the highest common divisor of 3 and 1263.
3
Calculate the greatest common divisor of 100 and 1520.
20
What is the greatest common divisor of 100 and 1850?
50
What is the highest common divisor of 30 and 35745?
15
Calculate the highest common divisor of 26 and 819.
13
What is the highest common divisor of 576 and 33?
3
Calculate the highest common divisor of 6 and 57.
3
What is the highest common factor of 40963 and 299?
299
Calculate the greatest common factor of 8 and 152.
8
Calculate the highest common factor of 20960 and 10.
10
Calculate the greatest common factor of 22 and 2750.
22
What is the greatest common factor of 2 and 14?
2
What is the greatest common factor of 22 and 23122?
22
Calculate the highest common divisor of 42 and 14.
14
Calculate the greatest common factor of 63 and 43.
1
What is the greatest common factor of 38 and 57?
19
What is the highest common divisor of 1005 and 335?
335
Calculate the highest common factor of 6 and 34.
2
Calculate the greatest common divisor of 12 and 4.
4
What is the greatest common factor of 90 and 108?
18
What is the highest common factor of 12 and 908?
4
Calculate the highest common divisor of 12 and 14.
2
What is the highest common divisor of 10 and 8?
2
Calculate the highest common divisor of 101 and 303.
101
Calculate the greatest common divisor of 41 and 14842.
41
Calculate the greatest common factor of 1455 and 15.
15
What is the greatest common factor of 145 and 29?
29
What is the highest common factor of 1305 and 1450?
145
What is the highest common factor of 375 and 1050?
75
What is the highest common factor of 80 and 21520?
80
Calculate the highest common factor of 138 and 21321.
69
Calculate the highest common factor of 13 and 76661.
13
Calculate the highest common factor of 4213 and 22.
11
What is the highest common factor of 112 and 56?
56
What is the greatest common factor of 4 and 78?
2
What is the highest common factor of 246 and 52070?
82
What is the highest common factor of 4029 and 2607?
237
What is the highest common factor of 100 and 2250?
50
Calculate the greatest common factor of 32 and 736.
32
Calculate the greatest common divisor of 398 and 2587.
199
What is the highest common factor of 93 and 1612?
31
What is the highest common divisor of 3105 and 135?
135
What is the greatest common factor of 1212 and 36?
12
Calculate the highest common factor of 110 and 370.
10
Calculate the highest common divisor of 21 and 63.
21
Calculate the greatest common divisor of 355 and 5.
5
What is the greatest common divisor of 9 and 144?
9
Calculate the greatest common factor of 268 and 1.
1
What is the greatest common divisor of 7 and 189?
7
What is the greatest common divisor of 4 and 58?
2
Calculate the greatest common divisor of 14 and 474.
2
What is the greatest common divisor of 7 and 175?
7
Calculate the highest common factor of 1645 and 6815.
235
Calculate the greatest common divisor of 54 and 6.
6
What is the greatest common divisor of 69 and 943?
23
Calculate the greatest common factor of 8631 and 45.
9
Calculate the highest common factor of 385 and 1309.
77
What is the highest common factor of 24 and 318?
6
What is the highest common divisor of 5436 and 108?
36
What is the greatest common factor of 3552 and 111?
111
What is the highest common divisor of 53 and 901?
53
What is the highest common factor of 2345 and 70?
35
What is the highest common factor of 209 and 27379?
209
What is the highest common divisor of 1247 and 58?
29
Calculate the greatest common factor of 7304 and 44.
44
Calculate the highest common factor of 22 and 214.
2
Calculate the highest common factor of 252 and 18.
18
Calculate the highest common factor of 5605 and 95.
95
Calculate the highest common divisor of 1488 and 1408.
16
What is the greatest common divisor of 66 and 99?
33
Calculate the greatest common factor of 279 and 217.
31
Calculate the greatest common factor of 15 and 195.
15
Calculate the greatest common factor of 114 and 198.
6
What is the greatest common factor of 20498 and 74?
74
What is the highest common divisor of 5 and 1925?
5
Calculate the highest common divisor of 833 and 1428.
119
What is the highest common factor of 12 and 69?
3
Calculate the greatest common factor of 19 and 7581.
19
Calculate the highest common factor of 84 and 60.
12
What is the highest common divisor of 2748 and 12?
12
What is the greatest common factor of 54 and 144?
18
What is the highest common divisor of 19944 and 36?
36
What is the greatest common divisor of 30 and 20?
10
Calculate the highest common divisor of 28 and 147.
7
What is the highest common divisor of 99 and 81?
9
What is the greatest common factor of 1312 and 1025?
41
What is the greatest common divisor of 230 and 10?
10
What is the highest common divisor of 11973 and 39?
39
What is the highest common factor of 32 and 936?
8
What is the highest common divisor of 28 and 203?
7
Calculate the highest common divisor of 105 and 255.
15
What is the highest common divisor of 264 and 176?
88
What is the greatest common divisor of 580 and 3140?
20
What is the greatest common divisor of 1079 and 13?
13
What is the highest common divisor of 5891 and 344?
43
What is the greatest common divisor of 91 and 9997?
13
Calculate the highest common factor of 11 and 671.
11
Calculate the greatest common factor of 1010 and 3333.
101
What is the highest common divisor of 3